= 2137*q - 2156*q. What are the prime factors of q?
7549
Let w(g) = 49*g**2 + 5*g + 6. Let q(j) = -97*j**2 - 8*j - 13. Let u(o) = 3*q(o) + 7*w(o). List the prime factors of u(-4).
7, 113
What are the prime factors of (4082/(-4))/(16/(-12)*29/232)?
3, 13, 157
Let c = 23 + 21. Suppose 0 = -y - 2*q + 1383 + c, 2*y = 3*q + 2847. List the prime factors of y.
3, 5, 19
Let f = -103 + 145. Suppose 58800 = -13*j + 18*j + 65*j. Suppose -f*l - j = -47*l. List the prime factors of l.
2, 3, 7
Suppose 24*g - 308757 = -110*g + 764717. List the prime factors of g.
8011
Suppose -423 + 424 = -t. Let c(x) = -661*x - 20. What are the prime factors of c(t)?
641
Suppose 6*z - 2*z - 8 = 0. Let l be z + -3 + 1 + 3. Suppose 2*s + 2*m - 20 = 0, s - 4*m - 28 = -l. List the prime factors of s.
13
Let p = 41321 - 11389. List the prime factors of p.
2, 7, 1069
Let m(l) = -l**3 - 7*l**2 + 17*l - 19. Let b = 48 + -57. Let x be m(b). What are the prime factors of 15/x + 1/(-2) - -212?
2, 3, 5, 7
Let p = 245 + -345. List the prime factors of ((-306)/30)/(1 - (-104)/p).
3, 5, 17
Let d(g) be the third derivative of 11*g**5/5 + 11*g**4/24 - 7*g**3/6 + 8*g**2 + 4*g. What are the prime factors of d(2)?
3, 181
Let w = 564 + -240. Let d = w + 203. List the prime factors of d.
17, 31
Let m = 20513 + -7961. Suppose -23*d + m = d. What are the prime factors of d?
523
Suppose -2*h = -5 + 11. Let s be (-2 - h)*(-34 + -3). Let u = s + 76. List the prime factors of u.
3, 13
Suppose -5*v + 10 - 69 = -2*z, -2*z + 7 = -v. Let y(k) be the second derivative of -k**4/4 - 13*k**3/2 + 9*k**2/2 - 4*k. What are the prime factors of y(v)?
3
Suppose 0 = 5*g - 4*i - 70449, 0 = 5*g - 36*i + 35*i - 70446. List the prime factors of g.
73, 193
Let q = -21590 + 31611. What are the prime factors of q?
11, 911
List the prime factors of (-8 + (-78)/75*-5)*-980.
2, 7
Let q(o) = -2*o**3 - 18*o**2 - 21*o - 31. Let d be q(-8). What are the prime factors of 1714/2 + 5/(d/(-9))?
2, 3, 71
Suppose -1 - 7 = -4*x. Let m be (-11)/(x/18*(-3)/(-2)). Let y = -33 - m. List the prime factors of y.
3, 11
Suppose 2*j + 5*o - 59 = 0, -o = -5*j + 6*j - 22. List the prime factors of 425/j*(2 - 0).
2, 5
Let p(j) = -3229*j - 9095. List the prime factors of p(-10).
5, 4639
Suppose -4*c - o - 15622 = -72036, 5*o = 2*c - 28174. List the prime factors of c.
2, 11, 641
What are the prime factors of -1 + ((-41445)/(-9) - -5)?
11, 419
Suppose 448510 = 232*b - 2249650. What are the prime factors of b?
2, 5, 1163
Suppose 2*q + 0*q = 18. Let s(c) = -c**2 - 3*c - 4. Let u be s(-3). Let t = q - u. List the prime factors of t.
13
Let f(z) = -11*z - 48. Let w be f(25). Let v = w + 716. What are the prime factors of v?
3, 131
Let x(z) = -z**3 - 14*z**2 - 24*z - 24. Suppose -14*k = -13*k + 15. List the prime factors of x(k).
3, 11, 17
Let u = -2380 + 2510. Let l be (5/(-3))/(1/18). Let v = u - l. List the prime factors of v.
2, 5
Let k(z) = z - 10. Let l be k(0). Let q = -32 - l. Let a = 59 - q. What are the prime factors of a?
3
Let s(x) = x**3 + 19*x**2 + 6*x + 33. Suppose 30*o = 18*o - 216. What are the prime factors of s(o)?
3, 83
Suppose 0 = 5*i + f + 33, 0 = 2*i - f + 19 - 3. Let d(a) = -27*a + 16. Let z be d(i). Let q = z - 90. List the prime factors of q.
5, 23
Let p(c) = 98*c**2 + 673*c - 78. What are the prime factors of p(-26)?
2, 3, 13
Let u = 7602 - 1327. Suppose -13*x - 5*k = -8*x - u, -4*x + 2*k + 5032 = 0. List the prime factors of x.
3, 419
Let j = -2 - -3. Let m(i) = -i**3 - 4*i**2 - i - 1. Let a(t) = 28*t**3 + 17*t**2 + 4*t + 3. Let z(x) = a(x) + 4*m(x). List the prime factors of z(j).
2, 3
Suppose -2*u = 74*z - 72*z - 2960, 3*u = -z + 4442. What are the prime factors of u?
1481
Let f be 36/48 - (-39)/12. Suppose 912 = 3*i - 12*n + 9*n, 0 = f*i - 2*n - 1210. List the prime factors of i.
7, 43
Suppose 8*a = 4*b + 176652, -23*b = -22*b - 5. List the prime factors of a.
2, 5521
Let y = 301 - 298. Suppose -g = -0*g - 4*x - 671, y*x = -3*g + 1953. List the prime factors of g.
5, 131
Let p be ((-253)/(-207) + 2/18)*-117. Let m = 367 - p. What are the prime factors of m?
523
Suppose -v + 11 = 2*g, -4*v + 2*g = -g. Suppose -v*z = 8 - 26. List the prime factors of z*2*(-5 + 8).
2, 3
Let n(m) = 48*m**2 + 40*m - 56. What are the prime factors of n(5)?
2, 3, 7
Let h = -826 + 831. Let q(p) = p**3 - 3*p**2 - 3*p. Let o be q(4). Suppose 3*z - 396 = o*b, -h*z = b - 6*b - 660. List the prime factors of z.
2, 3, 11
Suppose -477 + 500 = t. Suppose 377 = t*i - 244. What are the prime factors of i?
3
Let w(d) = 5*d**2 + 115*d + 955. List the prime factors of w(-62).
5, 2609
Let g be 25 - (8/(-16))/(2/(-4)). Suppose g = 3*z + 18. What are the prime factors of (51*z/(-4))/((-11)/66)?
3, 17
Let s(h) = 5*h**2 + 3*h + 3. Let l be s(-1). Suppose 1829 = l*o - 2156. What are the prime factors of o?
797
Suppose -5*u + 505 = -2*g, -5*g = -u - 2*u + 303. Suppose -m - u = -2*m. List the prime factors of m.
101
Suppose 7*m = 3*i + 4*m - 69258, -3*m - 3 = 0. What are the prime factors of i?
3, 5, 19
Suppose 0*u + 3*u = 711. Let o = -13 - 105. Let c = u + o. List the prime factors of c.
7, 17
Let b = -996 - 162. Let g = -810 - b. Suppose 3*k + 129 - g = 0. What are the prime factors of k?
73
Let j = 6055 + 1385. List the prime factors of j.
2, 3, 5, 31
Let h = 89613 - 56987. What are the prime factors of h?
2, 11, 1483
Let f be ((-24)/32)/(4/(-16)*1). Suppose j - 571 = -j + f*s, -3*j = s - 884. What are the prime factors of j?
293
Suppose -66*t + 3157519 + 1572371 = 0. What are the prime factors of t?
5, 11, 1303
Suppose -130005 - 442689 = -14*u + 113026. What are the prime factors of u?
2, 5, 31, 79
Let i(v) = 1358*v + 1526. List the prime factors of i(4).
2, 7, 71
Let v be -5*((-6)/5)/3. Let g(s) = -s - 33*s**3 + 0*s**3 - s + 4*s**v - 5*s**2. What are the prime factors of g(-1)?
2, 17
Let r(k) = k**2 + 12*k + 20. Let l be r(-10). Suppose l = -f - 3*h - 33 - 62, 190 = -2*f + h. Let m = 238 + f. List the prime factors of m.
11, 13
Let v(i) = -13*i + 18. Let b be v(-2). Let j = 5 + b. List the prime factors of j.
7
Let c(d) = 3510*d - 298. List the prime factors of c(9).
2, 7823
Suppose -337386 = -6*f - 25368. List the prime factors of f.
7, 17, 19, 23
Suppose -2*x = -111 - 97. Let z = 557 - x. What are the prime factors of z?
3, 151
Suppose -193*c + 181*c + 98208 = 0. List the prime factors of c.
2, 3, 11, 31
Let s = -5073 - -14256. What are the prime factors of s?
3, 3061
Let a(o) = 3*o**3 - 17*o**2 + 20*o - 4. Let l be a(1). Let m be ((-6)/(-4))/(3/4). Suppose 482 = m*u + l*j, -j = -6*j - 20. What are the prime factors of u?
5, 7
Let h(a) = -819*a - 3458. Let q(f) = 41*f + 173. Let y(p) = 6*h(p) + 119*q(p). What are the prime factors of y(-19)?
2, 3, 7
Let u(h) = h**3 - 24*h**2 - 31*h - 49. Let y be u(27). Let i = 1861 - y. List the prime factors of i.
2, 5, 7
Suppose -85*m + 70538 = -72*m. What are the prime factors of m?
2, 2713
Let p = -256 - -297. Suppose -32*h + p*h = 6183. List the prime factors of h.
3, 229
Let z(u) = -38*u - 5. Let l(s) = -39*s - 5. Suppose -3*q - 2*f = 2, 12 = -2*q + 4*f - 0. Let m(r) = q*l(r) + 3*z(r). What are the prime factors of m(-4)?
139
What are the prime factors of 2/16 - 2798/32*-50?
2, 1093
Let c be (-5824)/(-35) - (26/(-10) - -2). Suppose -3*t + 25 = -c. Suppose -g = -85 + t. List the prime factors of g.
3, 7
Suppose 4*l = -j + 13173, 0 = l + 198 - 191. What are the prime factors of j?
43, 307
Let y(g) be the third derivative of 10*g**2 + 0*g + 17/6*g**3 + 0 + 17/24*g**4 + 1/120*g**6 - 17/60*g**5. List the prime factors of y(16).
3, 11
Let g(t) = 63*t**3 - 2*t + 1. Let o be g(1). Let z be (423/12)/(42/(-56)). Let j = z + o. List the prime factors of j.
3, 5
Suppose 3*f - x = -1534, -5*x = -2*f - 2*x - 1025. Let a = -293 - f. Suppose -2*s + a - 2 = 0. What are the prime factors of s?
2, 3
Let y(b) = 102*b - 43. Let v = -253 + 258. What are the prime factors of y(v)?
467
Let u = -2887 - -17155. What are the prime factors of u?
2, 3, 29, 41
Suppose t - p - 3 = 0, 3*t - 4*p - 15 = -2. Let w = t + 7. Suppose 269 = w*j - 193. List the prime factors of j.
7, 11
Suppose -120*i = -57*i - 1344609. What are the prime factors of i?
7, 3049
Let y be 124*(1 + 2/(-4)). Let t be (1 + -3)*(y + (-3)/3). List the prime factors of 15/6*t/(-5)